et t(g) = -4*p(g) - 9*x(g). Determine t(9).
4
Let n(w) be the second derivative of -2*w**2 + 0 + 1/6*w**3 - w + 1/12*w**4. Suppose -95*t - 558 + 273 = 0. Give n(t).
2
Let j(i) = -1 + 3 - 4 + 1 + i. Suppose -t - 19 + 24 = -n, 0 = 2*t - 3*n - 8. Suppose 2*k + o = 4*k - 12, -k = -o - t. Calculate j(k).
4
Let g(z) = 27*z**2 + 4*z - 2. Let k(p) = -103*p**2 - 13*p + 6. Let q(a) = -7*g(a) - 2*k(a). Give q(1).
17
Let u(o) = 14*o - 21. Let y(x) = 39*x - 62. Let k = 467 + -471. Let a(v) = k*y(v) + 11*u(v). Determine a(7).
3
Let j(d) = 5*d**3 - 5*d + 290. Let n(g) = 3*g**3 - 3*g + 173. Let q(h) = 7*j(h) - 12*n(h). What is q(0)?
-46
Let d(a) = -206*a - 1032. Let r be d(-5). Let p(i) be the third derivative of -11*i**4/24 - i**3/3 - 3*i**2. Determine p(r).
20
Let i(w) = -w**3 - w**2 - 1. Let s(b) be the second derivative of b**5/4 + 3*b**4/4 + b**3/3 + 2*b - 27. Let v(z) = -4*i(z) - s(z). Determine v(-5).
14
Let k(l) = 9*l + 6*l**2 - 21 + 806*l**3 - 397*l**3 - 410*l**3. Determine k(7).
-7
Let h = -282 + 287. Let a(g) = -32 + h*g + 28 - 9*g. Give a(-7).
24
Let i(r) be the third derivative of 2*r**4/3 + 163*r**3/3 + 4351*r**2. Calculate i(-21).
-10
Let p(n) be the first derivative of 19*n**3 - n**2 - 3*n - 1335. What is p(-1)?
56
Suppose -4*v = j - 4, 3*v + 3 - 6 = 4*j. Let h(b) = -4*b + 2. Let l be h(j). Suppose l*a - 106 = -116. Let q(f) = f**3 + 4*f**2 - 4*f + 1. Determine q(a).
-4
Let x(a) = -a - 1. Let d(q) = q**2 - 21*q - 99. Let y be d(25). Calculate x(y).
-2
Let j(i) = -3*i**3 + 46*i**2 + 165*i + 125. Let a(f) = -f**3 + 15*f**2 + 55*f + 44. Let y(p) = -29*a(p) + 10*j(p). Give y(27).
1
Let t(m) = 2*m**2 + 72. Let d be t(0). Suppose 7*i - d = 3*i. Let l(v) = -v - i + 18 + 2*v + v**2 - 7*v**3. Give l(-1).
7
Let q(r) be the second derivative of -5*r**3/6 + 6*r**2 + r. Let v(g) = -6*g + 17. Let i(w) = 3*q(w) - 2*v(w). Give i(2).
-4
Suppose 0 = 4*a - 0*a. Suppose -3*r = 2*n - 4 - 0, -5*n - 5 = 0. Let q(t) = -21 + 7*t**2 + 7 - 4*t**2 - 2*t**r. Give q(a).
-14
Let i(r) = r**3 - r**2 + 2*r - 3. Suppose -2*u + 3 - 9 = 0. Let q be u*(-4)/6 + 0. Calculate i(q).
5
Suppose 241 = 5*d + 4436. Let v = 835 + d. Let r(f) = 4*f + 11. Give r(v).
-5
Suppose 0*a = -4*a - 4. Let q(w) be the third derivative of w**6/720 - 5*w**4/8 - 18*w**2. Let s(v) be the second derivative of q(v). Determine s(a).
-1
Let b = -29 + 32. Let d(s) = 10*s**2 - s**b - 5*s**2 - 8 + 5*s + 3*s + 1. Suppose 0 = -2*o + 3*v + 12, 2*v = v. Calculate d(o).
5
Let q be 20 - (-7 - -6) - 3. Suppose 8*y = -26 + q. Let v(x) = 8*x**2 - 2*x - 1. What is v(y)?
9
Suppose 63851*y = 64022*y - 513. Let v(n) = 0 - n**2 + 4 + 0*n**2. Calculate v(y).
-5
Let l(m) = -m + 6 - 1 - 3 + 7 + m**2. Let h(g) = -g**3 + 18*g**2 - 30*g - 225. Let c be h(15). Give l(c).
9
Let f = -6 + 18. Let t(d) = -f*d + 6 - 16*d**2 - 3*d**3 + 2*d**3 - 9 + 7*d**2. Give t(-8).
29
Let l(z) = -z**2 - 6*z - 5. Let o = 0 + 3. Suppose 4*c - 11 = t, -3*c + c + o = -t. Suppose w = -a - 10, 2*w = 8*a - c*a + 16. Calculate l(a).
-5
Let v(p) = 2*p**2 - 28*p + 3. Let d be 1/(66/36 + -2) - -1*21. What is v(d)?
33
Let k(x) = x**2 + 16*x + 49. Suppose 5*v - i + 21 = 0, -91*v - 5*i - 45 = -86*v. Determine k(v).
-6
Let f(m) = -14*m + 74. Let r be f(4). Suppose -6*u - r = -0*u. Let j(h) = 4*h**2 + h - 2. Let k(n) = n**2 - n. Let w(c) = -j(c) + 2*k(c). Calculate w(u).
-7
Let f be -5*1*(-216)/540. Let m(r) = 3*r - 55 - 56 - f*r + 116. Calculate m(4).
9
Let o(m) be the second derivative of -5*m**3/3 + 2*m**2 - 24*m. Let c(d) = -3*d + 1. Let t(i) = -7*c(i) + 2*o(i). Let y be (-32)/24 - 2/(-6). Calculate t(y).
0
Suppose 15 + 27 = 7*n. Let y(u) be the third derivative of -1/12*u**4 - 11*u**2 + 0*u + 7/6*u**3 + 0. Give y(n).
-5
Let a(w) = 11*w**2 + w. Let s be 0 - (-4 + 4)/7. Suppose 0 = 6*l - s - 6. Give a(l).
12
Let c(x) be the first derivative of -x**4/4 - 8*x**3/3 - 9*x**2/2 + 2*x - 672. Calculate c(-7).
16
Let n(k) = 4*k. Let g = 29 + -14. Suppose -2*i = 3*t + 43, -4*t - 2*i - 30 = -2*t. Let b = t + g. What is n(b)?
8
Let b(o) = -o**2 + 3*o. Let w = -50 + 64. Let m be (-42)/147 + (46/w - 1). Suppose -m*h + 6 = -4. What is b(h)?
-10
Let q(u) = -u**3 + 11*u**2 - 29*u - 1. Suppose 5*j = -18*n + 13*n + 20, -3*n - 5*j = -10. What is q(n)?
4
Let b(s) = 48*s**2 - 14*s - 60. Let d(g) = -5*g**2 - g. Let a(u) = b(u) + 10*d(u). Determine a(-7).
10
Let o(k) be the second derivative of 2*k**3/3 - 4*k**2 - k. Let w be 2*(0 + 0/12 - -1). Let d(t) = -3*t + 6. Let z(j) = w*o(j) + 3*d(j). Calculate z(0).
2
Let b(m) = 21*m - 18. Let w(i) = -42*i + 17. Let k(r) = 5*b(r) + 2*w(r). What is k(3)?
7
Let q = -81 + 81. Let t(k) = 4*k**3 - 10*k**2 - 3*k + 12. Let v(y) = 8 + 4*y**2 - y**2 - y**3 + y - 12. Let n(s) = -2*t(s) - 7*v(s). What is n(q)?
4
Let r(n) = -n**2 - 27*n - 113. Let w be r(-9). Suppose 3*u - 3 = 6. Let m(g) = w*g - 25*g - u - 25*g. Give m(0).
-3
Let t(m) = 13*m + 86. Suppose -19*c + 45*c - 96 = 42*c. Give t(c).
8
Suppose -703 = -11*v - 516. Let t(m) = m**2 - 18*m + 12. What is t(v)?
-5
Let n(k) = k**2 + 42*k - 1680. Let b be n(25). Let z(h) = 15*h + 95. Calculate z(b).
20
Let j be (2/(-3))/((-2)/3). Let n(w) = -4*w**2 + 3*w + 2. Let d(u) = u**2 - u - 1. Let t(s) = j*n(s) + 3*d(s). Let a = -61 + 64. What is t(a)?
-10
Let a(c) = 13*c - 18. Let z(o) = 39*o - 55. Let m(x) = -8*a(x) + 3*z(x). Let r be m(7). Let n = 70 - r. Let y(s) = -s**2 - s - 20. Determine y(n).
-20
Let s(f) = -6*f + 16. Let m(r) = -11*r + 25. Let y(i) = 3*m(i) - 5*s(i). Let w = -12 + 4. Give y(w).
19
Let v(l) be the second derivative of -5*l**5/4 - l**4/4 - 5*l**3/6 - 3*l**2/2 - 3098*l. Give v(-1).
24
Let l(p) be the third derivative of p**6/24 + p**5/15 + p**4/4 + 163*p**2. Let q(j) = -8*j**3 - 7*j**2 - 11*j + 1. Let i(b) = -5*l(b) - 3*q(b). Determine i(2).
-1
Suppose 10*c = 388 - 368. Let m(t) = -3*t**3 - 4. Give m(c).
-28
Let w be -3*(-2)/(-12)*(-3 + -5). Let r(q) be the first derivative of -q**4/4 + 4*q**3/3 - q**2 + 6*q - 20. Determine r(w).
-2
Let u(x) = 3*x - 4*x - 13 - 16 + 45 - 18. Calculate u(-1).
-1
Let m(o) = o**2 + 9*o + 9. Let z = -179 - -158. Let x be (z + -6)*2/6. Calculate m(x).
9
Let z(n) = -n**2 - 172*n + 6039. Let g be z(30). Let f(v) = -4*v**2 - 83*v + 10. Give f(g).
-11
Let a be 5 + (1 - -7)/(-4). Let f(w) = 6 - 6*w**2 + 62*w**3 + 65*w**3 - 126*w**a - w. Determine f(6).
0
Let w(u) = -1347*u - 1342*u + 2*u**2 + 2694*u - 1. Let z = 67 + -71. Determine w(z).
11
Let f = 16 + -11. Suppose 0 = -z - f*z + 126. Suppose -z = -3*q - 0*q. Let y(b) = b**2 - 6*b + 3. Determine y(q).
10
Let t(j) be the third derivative of -j**6/120 - j**5/10 + j**4/24 + j**3 + 353*j**2. Let q(s) = -s - 18. Let r be q(-13). Give t(r).
-24
Let t(s) = -s + 3. Let r be 1896/(-30) - (-8)/40. Let k be 11/77 + 39/r*-3. Give t(k).
1
Let c(n) = -16*n + 34*n + 5 - 10*n - 11*n. Let p(q) = -7*q + 7. Let x(i) = 5*c(i) - 2*p(i). What is x(6)?
5
Suppose -5*v - 88 = -16*v - 66. Let o = -6 - -10. Let x(q) = -1 + 1 - o*q - 1. Calculate x(v).
-9
Let s(n) = -n**3 + n**2 - n + 7. Let q be ((-12)/(-5))/((-579)/(-965)). What is s(q)?
-45
Let l(d) = d**3 + 9*d**2 + 22*d - 13. Let i be l(-3). Let a(g) = -2*g**3 - 49*g**2 + 22*g - 67. Give a(i).
8
Let w(f) = f**3 + 14*f**2 - 5. Suppose -x - 97 = 3*r, -3*r + 12 = -7*r. Let n = x + 91. Suppose 3*g + 2*z + 34 = -2*z, n*g - 4*z = -50. Give w(g).
-5
Let v be (-88)/(-440) + 38/10. Let q be 12*11/22 - v/(-2). Let f(a) = a**2 - 4*a + 2. What is f(q)?
34
Let b(y) = -y. Suppose -140*z + 714 = -106*z + 68*z. Give b(z).
-7
Let s(z) be the third derivative of z**5/60 + 3*z**4/4 + 7*z**3/6 - 2*z**2 + 2128. What is s(-10)?
-73
Let d(z) = 16*z**3 - 33*z**2 + 37*z + 47. Let t(a) = -6*a**3 + 11*a**2 - 13*a - 16. Let h(m) = -4*d(m) - 11*t(m). Give h(-6).
-18
Let f(d) = 3*d**3 + d**2 - 1. Let p be ((-2)/8)/((-23)/460). Suppose -8*q + 3*i - 5 = -6*q, -7 = p*q - 2*i. Determine f(q).
-3
Let o(h) = -3 + 10*h**3 - 4*h**2 + 9*h**3 + 5*h - 20*h**3. Suppose 0 = 30*g + 25*g + 275. Give o(g).
-3
Let s(r) = -2*r**3 - 5*r**2 + 2*r + 4. Let p be 26 - 1 - (8 - 4)*-1. Suppose 26*g = 25*g - 5*i - p, -5*g - 5*i - 45 = 0. Calculate s(g).
44
Let b(o) be the first derivative of -o**6/60 + o**5/30 - o**3/6 + 8*o**2 + 2*o + 34. Let q(y) be the second derivative of b(y). Give q(-1).
3
Suppose 37*k - 114 = 30*k - 12*k. Let f(x) = x**